{"id":953,"date":"2021-06-30T13:45:00","date_gmt":"2021-06-30T11:45:00","guid":{"rendered":"http:\/\/geostab.pl\/nowy\/?page_id=953"},"modified":"2025-12-17T18:02:30","modified_gmt":"2025-12-17T17:02:30","slug":"kontakt","status":"publish","type":"page","link":"https:\/\/geostab.pl\/?page_id=953","title":{"rendered":"Kontakt"},"content":{"rendered":"<p>[vc_row][vc_column][vc_empty_space height=\u201d64px\u201d][vc_custom_heading text=\u201dGEOSTAB Przedsi\u0119biorstwo Badawcze Sp. z o.o.\u201d font_container=\u201dtag:h4|text_align:left\u201d use_theme_fonts=\u201dyes\u201d][\/vc_column][\/vc_row][vc_row][vc_column width=\u201d1\/3\u2033][vc_column_text]<strong>Siedziba:<\/strong><\/p>\n<p><strong>ul. Startowa 2<br \/>\n80-461 Gda\u0144sk<br \/>\ntel. kom. +48 535-318-813<br \/>\ne-mail: <a href=\"mailto:info@geostab.pl\">info<u>@geostab.pl<\/u><\/a><\/strong>[\/vc_column_text][vc_column_text]<strong>Administracja i Ksi\u0119gowo\u015b\u0107:<\/strong><\/p>\n<p>ul. Startowa 2<br \/>\n80-461 Gda\u0144sk<br \/>\ntel. kom. +48 608-222-255<br \/>\ne-mail: <a href=\"mailto:anna@geostab.pl\"><u>anna@geostab.pl<\/u><\/a>[\/vc_column_text][\/vc_column][vc_column width=\u201d1\/3\u2033][vc_column_text][\/vc_column_text][vc_cta h2=\u201d\u201d style=\u201doutline\u201d]<em>Z\u00a0przykro\u015bci\u0105 informujemy, \u017ce\u00a016 lipca 2024 zmar\u0142 za\u0142o\u017cyciel sp\u00f3\u0142ki Geostab, prof.\u00a0dr\u00a0hab. in\u017c.\u00a0Maciej Werno. Bliskim i\u00a0przyjacio\u0142om pana Profesora sk\u0142adamy wyrazy \u017calu i\u00a0wsp\u00f3\u0142czucia. Odszed\u0142 od\u00a0nas wybitny umys\u0142 i\u00a0wspania\u0142y przedsi\u0119biorca.<\/em><\/p>\n<p style=\"text-align: right;\"><em>Zarz\u0105d sp\u00f3\u0142ki GEOSTAB<\/em><\/p>\n<p>[\/vc_cta][\/vc_column][\/vc_row]<\/p>\n","protected":false},"excerpt":{"rendered":"<p>[vc_row][vc_column][vc_empty_space height=\u201d64px\u201d][vc_custom_heading text=\u201dGEOSTAB Przedsi\u0119biorstwo Badawcze Sp. z o.o.\u201d font_container=\u201dtag:h4|text_align:left\u201d use_theme_fonts=\u201dyes\u201d][\/vc_column][\/vc_row][vc_row][vc_column width=\u201d1\/3\u2033][vc_column_text]Siedziba: ul. Startowa 2 80-461 Gda\u0144sk tel. kom. +48 535-318-813 e-mail: info@geostab.pl[\/vc_column_text][vc_column_text]Administracja i Ksi\u0119gowo\u015b\u0107: ul. Startowa 2 80-461 Gda\u0144sk tel. kom. +48 608-222-255 e-mail: anna@geostab.pl[\/vc_column_text][\/vc_column][vc_column width=\u201d1\/3\u2033][vc_column_text][\/vc_column_text][vc_cta h2=\u201d\u201d style=\u201doutline\u201d]Z\u00a0przykro\u015bci\u0105 informujemy, \u017ce\u00a016 lipca 2024 zmar\u0142 za\u0142o\u017cyciel sp\u00f3\u0142ki Geostab, prof.\u00a0dr\u00a0hab. in\u017c.\u00a0Maciej Werno. Bliskim i\u00a0przyjacio\u0142om pana Profesora sk\u0142adamy wyrazy [&hellip;]<\/p>\n","protected":false},"author":1,"featured_media":0,"parent":0,"menu_order":0,"comment_status":"closed","ping_status":"closed","template":"","meta":{"footnotes":""},"class_list":["post-953","page","type-page","status-publish","hentry"],"_links":{"self":[{"href":"https:\/\/geostab.pl\/index.php?rest_route=\/wp\/v2\/pages\/953","targetHints":{"allow":["GET"]}}],"collection":[{"href":"https:\/\/geostab.pl\/index.php?rest_route=\/wp\/v2\/pages"}],"about":[{"href":"https:\/\/geostab.pl\/index.php?rest_route=\/wp\/v2\/types\/page"}],"author":[{"embeddable":true,"href":"https:\/\/geostab.pl\/index.php?rest_route=\/wp\/v2\/users\/1"}],"replies":[{"embeddable":true,"href":"https:\/\/geostab.pl\/index.php?rest_route=%2Fwp%2Fv2%2Fcomments&post=953"}],"version-history":[{"count":16,"href":"https:\/\/geostab.pl\/index.php?rest_route=\/wp\/v2\/pages\/953\/revisions"}],"predecessor-version":[{"id":1197,"href":"https:\/\/geostab.pl\/index.php?rest_route=\/wp\/v2\/pages\/953\/revisions\/1197"}],"wp:attachment":[{"href":"https:\/\/geostab.pl\/index.php?rest_route=%2Fwp%2Fv2%2Fmedia&parent=953"}],"curies":[{"name":"wp","href":"https:\/\/api.w.org\/{rel}","templated":true}]}}